11*m + 6. Let w(i) = -30*i + 23. Let g(j) = 29*j - 20. Let n(l) = -4*g(l) - 3*w(l). Let o(z) = 3*n(z) - 7*u(z). Determine o(-6).
-3
Let m(n) = -16*n + 9*n + 28*n**2 + 2*n**3 - 2877 + 9*n + 2896. Determine m(-14).
-9
Let n(d) be the second derivative of -d**5/20 + d**4/4 - d**3/3 - d**2 + 8*d. Suppose w - 3 = 5*x, 0 = 3*w + 5*x - 7 - 2. What is n(w)?
-8
Let m(w) = -w**2 - 2*w - 6. Let d be (19 + (17 - 28))*1/2. Calculate m(d).
-30
Let w(z) = 894*z - 440*z + 9 - 450*z - 4*z**3 - 6*z**2. Let q = 6 + -9. Let y(k) = -k**3. Let i(f) = q*y(f) + w(f). Calculate i(-6).
-15
Let h(g) = -g - 10. Let w be h(-4). Let i be w/(-4 - 2) - 6. Let a(t) = t**3 + 4*t**2 - 4*t + 7. Determine a(i).
2
Suppose 1044 + 216 = -332*c - 400. Let y(t) = -t**3 - 7*t**2 + 2*t + 6. Calculate y(c).
-54
Let s be ((-16)/24)/(1/18). Let b = s - -13. Let n(q) = q**2 + 1. Let j(i) = -4*i**3 - 4*i**2 + i - 6. Let w(p) = -j(p) - 5*n(p). Determine w(b).
3
Let g(t) be the second derivative of t**5/20 + 7*t**4/12 - 3*t**3/2 - 5*t**2/2 - t. Let x = -50 - -85. Suppose -5*q + 5*b = x, q = -2*b - 0 - 10. What is g(q)?
3
Let k(h) = 2*h - 5. Suppose 1054 = -5*a - 3241. Let r = a + 854. What is k(r)?
-15
Let h be (-15)/(-4) + 2/8. Let w(t) be the second derivative of t**5/20 - t**4/3 + 2*t**3/3 - 2*t**2 - t - 83911. What is w(h)?
12
Let p(v) = -v**3 + 17*v**2 + 8*v + 10. Let c(z) = -2*z**3 + 36*z**2 + 16*z + 20. Let q(o) = 6*c(o) - 13*p(o). Give q(7).
32
Let v(b) = -b**2 + 2*b + 30. Let j(k) = k**3 + 8*k**2 - 48*k + 6. Let u be j(4). What is v(u)?
6
Let d(j) = -2*j**3 + 2*j**2 - 4*j + 6. Let n be d(2). Let t(q) = 10*q + 2 - 40*q + q**2 + 13*q + 26*q. Determine t(n).
12
Suppose -4*k + 56 - 40 = 0. Suppose z = -0*p - p + 5, -5*p + k*z = -7. Suppose -10*n + p = 103. Let x(a) = a**3 + 10*a**2 - a. What is x(n)?
10
Let j(r) = -r**3 - 6*r**2 - 6*r - 6. Suppose 40*g - 72 - 8 = 0. Suppose 0 = -2*x - 4*t + 12, 11 - 21 = 5*x + g*t. Give j(x).
-14
Let x(t) be the second derivative of -t**3/3 + 11*t**2/2 - 2*t. Suppose 4*v + 28 = 12. Let g(n) = -4*n - 8. Let q be g(v). Determine x(q).
-5
Let p(z) = -5 + 7*z - 3 - 5 + 0. Let n(m) = 32*m - 64. Let b(x) = 3*n(x) - 14*p(x). What is b(-10)?
10
Let q(v) = -v**2 + 6*v - 7. Let c be q(3). Suppose 4*k + 303 = 5*o, -4*o = o - c*k - 299. Let x = o + -64. Let j(r) = 2*r**2 + 8*r + 5. Give j(x).
15
Let r(f) = -26*f - 50. Let v be r(10). Let g = -320 - v. Let i(t) = t**3 + 9*t**2 - 10*t + 6. Calculate i(g).
6
Let s(d) be the third derivative of -d**6/120 + d**5/20 + 29*d**4/24 + d**3/3 + 695*d**2. Calculate s(-4).
-2
Suppose 0*z = -2*z + 6. Let u(m) = -3*m**2 + 0*m - m**z - 4*m + 3*m - 1. Let b(k) = -k**2 - 10*k + 37. Let a be b(3). Determine u(a).
-3
Let a(h) = h**2 - 8*h + 7. Let f be a(8). Let v(c) = c + 17. Let w(x) = -44. Let q(r) = 2*v(r) + w(r). Calculate q(f).
4
Let l(r) = r - 23. Let u = -1179 - -1164. Calculate l(u).
-38
Let j be 14 + (-969)/68 - (-54)/(-8). Let h(w) = -w**3 - 7*w**2 + 4. What is h(j)?
4
Let c = 219 + -219. Let j be 0 + (-7)/7 + (2 - c). Let p(y) = 6*y**2 - 1. What is p(j)?
5
Let w = 236 + -235. Let a(k) = -9*k + 27. Let r(o) = 2*o - 5. Let h(p) = w*a(p) + 5*r(p). Let b(g) = g**2 - 7*g - 5. Let s be b(7). Determine h(s).
-3
Let w(y) = -5*y - 2. Suppose 27*c + 31*c = 601 - 1529. Give w(c).
78
Let s(d) = -5*d**3 - d - 1. Let l(x) = -29 + 7*x - 7*x - 2*x. Let i be l(-14). Calculate s(i).
5
Let t(q) = q**2 - 15*q - 93. Let p(v) = -2*v - 48. Let y(g) = 2*p(g) - t(g). Determine y(12).
-15
Let g = 185 - 62. Let v(o) = -o + 62 + 64 - g + 6*o. What is v(-4)?
-17
Let t(a) = -30 + 62*a + 1501*a**2 - 36*a - 1499*a**2. Calculate t(-14).
-2
Let d(i) be the second derivative of i**3/6 - 11*i**2/2 + 12*i. Suppose 629*s = 625*s + 2*f + 40, f - 46 = -4*s. Give d(s).
0
Let k(m) be the second derivative of -m**6/120 - m**5/6 - 5*m**4/12 + m**3/6 + 19*m**2 - m + 4. Let y(s) be the first derivative of k(s). Determine y(-9).
10
Suppose -6*l + 112 = l. Suppose -t = -5*a - l, 4*a + 4*t + 34 = 2. Let z be (0 + a)/(-1 - 0). Let h(u) = -u**3 + 4*u**2 - 5. Determine h(z).
-5
Suppose -130 = -3*b - 23*b. Let n(i) = 8 + 291*i - b + i**2 - 290*i - i**3. What is n(2)?
1
Let u(y) be the second derivative of y**5/20 + y**4 + 13*y**3/3 + 33*y**2/2 - 953*y. Calculate u(-10).
-27
Let w(y) = 56*y - 2356. Let q be w(42). Let l(p) = -p - 28. What is l(q)?
-24
Let l(x) = 3*x - 2. Let y(i) = -3 + 15 + 60 + 15*i + 39. Let b be y(-7). Calculate l(b).
16
Let z(g) = -g**3 - 15*g**2 + 33*g - 22. Let k = 2080 - 2097. Determine z(k).
-5
Let h(n) = -71*n - 202. Let c(t) = -135*t - 408. Let u(s) = -6*c(s) + 11*h(s). Determine u(-8).
-6
Let r(v) be the first derivative of v**3/3 + 11*v**2 - 9*v + 10551. Give r(-22).
-9
Let r(b) = 31*b**3 - 24*b**2 + 24*b - 34. Let t(u) = -145*u**3 + 119*u**2 - 119*u + 169. Let g(i) = 14*r(i) + 3*t(i). What is g(20)?
11
Let k(y) = 11*y**3 + 17*y**2 + 47*y - 5. Let d(q) = 5*q**3 + 8*q**2 + 22*q - 2. Let u(h) = 13*d(h) - 6*k(h). What is u(-2)?
12
Let y(i) = -4*i**3 + i**2 - 18*i - 18. Let v be y(-1). Suppose 25 = -5*o + v*s, o - s - 3*s = -17. Let d(h) = -3*h + 8*h + h + 1. Determine d(o).
-5
Let o(d) = -d**3 - 9*d - 11. Let k be o(-1). Let a(x) = -23*x**2 + x. Calculate a(k).
-24
Suppose 3*m - 5*m - 46 = 3*c, c + 6 = -3*m. Let f(o) = o**2 + 18*o + 6. Determine f(c).
6
Let c(w) = w**3 + w**2 - 1. Let z = -1922 - -1922. Determine c(z).
-1
Suppose -w = 4*k + 13, w = 22*k - 19*k + 1. Let g(s) = 17*s**2. What is g(k)?
68
Let i(h) be the first derivative of -h**3/2 - h**2/2 + 74*h + 8. Let k(n) be the first derivative of i(n). Give k(4).
-13
Let o(u) be the third derivative of -u**5/60 + 7*u**4/24 - u**3 - 363*u**2 + 1. Calculate o(3).
6
Let v(j) = j**2 - j - 43. Let i = -1595 - -1595. What is v(i)?
-43
Let l be (-4)/2*1*-1. Let q(r) be the first derivative of -r**4/24 - 215*r**2/2 - 96. Let f(j) be the second derivative of q(j). Determine f(l).
-2
Let j(x) = -2158*x**2 - 8*x - 1 - x**3 + 5 + 2151*x**2 - 2. What is j(-5)?
-8
Let j be 8/(-4) + 2 + -3. Let g(c) = -3*c**2 + 4*c - 358 + 185 - c**3 - 2*c + 177. What is g(j)?
-2
Let s be 3*6/(-2 + 0). Let t = -13 - s. Let b(l) = -l - l + 0*l + 2*l - l. Determine b(t).
4
Let g(o) = 2*o - 13. Suppose 0 = 5*t - 3*c - 0*c - 16, -5*c - 10 = 0. Let q be 0/(3/(3/t)). Let r be (4 - (-6 - q)) + -1*1. Calculate g(r).
5
Let h(t) = -t**2 + 9*t + 217. Let b(x) = -x - 15. Let v(c) = -13*b(c) - h(c). Determine v(-6).
-10
Let p(r) = r**2 - 6*r - 1. Let z(a) = 14*a**2 + a + 2 + 0*a**3 - 11*a**2 + a**3. Let f be z(-2). Suppose -i - 9 + 4 = -2*y, -3*i - f*y + 35 = 0. Calculate p(i).
-6
Let k be (-9 + 9 + -9)/(-3). Let f(h) = 33*h - 108. Calculate f(k).
-9
Let g(l) = 3*l**2 - 21*l + 39. Let c be g(2). Let f(s) = 7 + c + s - 9. Determine f(-7).
0
Suppose -2*i = -2*h - 16, 5*h - 9 = 8*h. Let b(a) = i*a + 15*a**2 + 6 - 4*a**3 + 5*a**3 - 6*a + 2*a. Calculate b(-15).
-9
Suppose -5*g + 2*c - 33 = 0, 0 = 4*g - 3*g + 2*c - 3. Let n(y) be the third derivative of -y**6/120 - y**5/12 - y**4/12 - y**3/6 + 4*y**2 - 31. Determine n(g).
9
Let a(u) = -17*u - 23. Let q be a(-1). Let t(o) = 3*o - 8. Let c = 20 - 14. Let v(y) = -y + 3. Let f(i) = c*t(i) + 17*v(i). Determine f(q).
-3
Let a = 7833/8 + -979. Let r(x) be the third derivative of 1/120*x**6 + 0*x - 1/20*x**5 + 3*x**2 + 0 - 1/2*x**3 - a*x**4. What is r(-2)?
-17
Let k(f) = f - 11. Let c(b) = -b**3 + 5*b**2 + 7*b - 6. Let y(m) = -m**2 + 9*m + 16. Let p be y(10). Let w = 12 - p. Let a be c(w). Determine k(a).
-11
Let a(m) = 4*m**2 + 4*m - m**3 - 19445563 + 19445563. Give a(3).
21
Let u(k) = -k**2 - 12*k + 4. Let o(c) = -12*c + 14. Let h be o(2). Let t be (0 + (-120)/16)*(-16)/h. What is u(t)?
4
Let k(v) = 8*v**2 - v - 5. Suppose 5*r - 10*r = 4*m - 19, -2*m = 3*r - 13. What is k(m)?
127
Let m(g) be the first derivative of -g**3/3 + 10*g + 325. Let w be (1 - 0)*-1 + (-1 - -2). Determine m(w).
10
Suppose -2*v + 48 = -t, 6*t = t. Suppose -v*w = 5*w - 203. Let k(j) = 2*j**2 - 13*j + 1. What is k(w)?
8
Let d(l) be the first derivative of l**5/40 - 5*l**4/24 - 10*l**3 + l + 106. Let w(k) be the third derivative of d(k). What is w(0)?
-5
Suppose 16*i - 96 = -0*i. Suppose -5*d + i*d - 4*w = -22, d + 3*w = 13. Let r(t) = t**3 + 3*t**2 + t + 1. Determine r(d).
3
Let o = -534 - -534. Suppose 36*f - 65*f + 348 = o. L